 + 2*h = -5. Let g be q/(0 - (-1)/5). What is w(g)?
12
Let w(m) = m**2 + 6*m + 4. Let k be 6 + (-3 - (0 + -2)). Let n = k + -10. What is w(n)?
-1
Let y be (-3 + 1)/(1/3). Let c(w) = -w - 3. Let x(t) = -t**2 - 11*t - 21. Let j(f) = 5*c(f) - x(f). What is j(y)?
6
Suppose 26 = -3*d + 4*t, 0 = -5*d + t - 28 - 4. Let h(o) = o**2 + 7*o - 2. Give h(d).
-8
Let z = -9 + 15. Let k be ((-8)/z)/(-2)*3. Let f(x) = -2*x**3 + 3*x**2 - 2*x + 1. Determine f(k).
-7
Let l(w) = 5*w - w + 4*w + 7 - 5*w. Determine l(-6).
-11
Suppose 9 - 33 = 4*u. Let s(i) = i - 2. Let f(b) be the second derivative of -b**3/3 + 3*b**2/2 - 4*b. Let l(z) = u*f(z) - 11*s(z). What is l(5)?
9
Let r = 12 + -8. Let m(u) = 4*u - 1 - 10*u - r*u. Calculate m(1).
-11
Let y(n) be the third derivative of -6*n**2 + 0 + 0*n - 1/24*n**4 - 1/3*n**3 + 1/60*n**6 + 0*n**5. Determine y(2).
12
Let u(k) be the third derivative of -k**5/60 + k**4/12 + k**3/2 - k**2. Calculate u(3).
0
Let f(g) be the second derivative of g**4/12 - 7*g**3/6 - 3*g**2 + 3*g. What is f(7)?
-6
Let g(x) = x**2 - x - 22. Suppose -2*n = -2*n - 3*n. Give g(n).
-22
Suppose 2*c - 6 = -0*c. Let d(k) = k + 2 + 0 - c + k**2. Let b(r) = 2*r**2 - r + 1. Let l be b(1). Calculate d(l).
5
Let f(y) = -y**2 - 6*y - 2. Let t be f(-5). Suppose 2*p + 3 = 7. Let u(g) = 2*g + p*g - g**t - 2 + 3*g**2 - 1. Give u(4).
-3
Let n be 4/18 + (-329)/189*3. Let f(j) = j**2 + 5*j + 7. Determine f(n).
7
Let b(f) = 3 + 3 + f - 4. Let r = 3 + -1. Suppose -3*c - 5*t = 15, 0*c - 15 = 3*c - r*t. Give b(c).
-3
Let x(n) = -n - 1 - 5 + 3*n. Calculate x(5).
4
Let m = -1 - -3. Suppose -2*s = -0*s - 8. Let v(p) = 2 + m + 3*p**2 - 2 - s*p**2 + 2*p. What is v(2)?
2
Let j(m) = 1 - 4*m**2 + m**2 + 0. Let x(q) = 7*q - 5. Let d(l) = 6*l - 4. Let b(z) = -6*d(z) + 5*x(z). Let g be b(-2). What is j(g)?
-2
Suppose -5*g = -12 + 2. Let u = -7 + g. Let s(d) be the second derivative of -d**3/6 - 2*d. Determine s(u).
5
Let g be (-2 + 6)*2/(-4). Let f(j) be the second derivative of -j**3/6 + j**2/2 + 19*j. Determine f(g).
3
Let m = 63 - 67. Let c(b) = -b**3 - 5*b**2 - 4*b - 5. What is c(m)?
-5
Let y(m) = -3*m**3 + m**2 - 4*m. Let j(f) = -f**3 - f. Let t(x) = 7*j(x) - 2*y(x). Suppose h = 3 - 1. Suppose -i = -4, 3*k - 3*i + 26 = h*i. Calculate t(k).
-2
Let a(j) be the first derivative of j**3/3 - 2*j**2 + j + 1. Suppose 3*q - 10 = -m + 2*m, q - 5*m + 6 = 0. Calculate a(q).
1
Let k(v) be the third derivative of -v**6/240 + 5*v**4/24 - 4*v**2. Let j(m) be the second derivative of k(m). What is j(2)?
-6
Let m(h) be the second derivative of h**4/4 + h**3/2 - 3*h**2/2 + 9*h. Let x(u) be the first derivative of m(u). Determine x(-2).
-9
Let k(v) = 3*v**2 + v + 1. Let p = -36 - -35. Give k(p).
3
Let t be 0/(3/(9/6)). Let s(w) be the third derivative of -w**5/60 + w**4/24 + 2*w**3/3 - 7*w**2. Calculate s(t).
4
Let s(j) = -2*j + 1. Let a be s(-2). Let b(v) = -6 - 6*v**2 + 11*v + 1 - 1. Let z(h) = 7*h**2 - 12*h + 7. Let q(c) = 6*b(c) + 5*z(c). Give q(a).
4
Let t(a) = a**3 - 2*a**2 + 1. Let b(j) = j**2 + 5*j - 10. Let q be b(-7). Suppose 0 = -4*s - i, -3*s + 4 = q*i - 9. Calculate t(s).
-2
Let p(b) be the second derivative of -b**4/12 + 2*b**3/3 - 3*b**2 - 3*b. Suppose -10 = -2*t - 3*t. Suppose 6 = t*o - 2. Calculate p(o).
-6
Let s(b) be the first derivative of b**4/4 + b**3 + b**2/2 - 3*b + 2. Suppose -4*k + 2*l = 8, -3*k + 4*k = -4*l - 11. What is s(k)?
-6
Let b(d) = -2 + 1 + d - 2. Suppose 7 = 2*r - 3. Determine b(r).
2
Let z be -4*((-3)/(-12) + -1). Let i = z + 2. Let x(q) = 0 - 2*q**2 + 2*q + q**2 + 6. Give x(i).
-9
Let c = -64 + 46. Let y be 7*(c/(-21))/1. Let o(p) = 0*p - 2*p - y*p. What is o(-1)?
8
Let m(i) be the third derivative of -i**6/120 - i**5/12 + i**4/3 + 2*i**3/3 - i**2. Suppose 119*a + 12 = 117*a. Calculate m(a).
-8
Let u(x) = 2*x**2 + 4*x + 3. Let z be u(-2). Let n(o) = -54*o**2 + o**z + 60*o**2 - 4 + 3. What is n(-6)?
-1
Let z(c) = -c**2 - 7*c - 7. Suppose -2*i - h = -6, -i + 3*i = h + 2. Suppose -5*x - 4*l = -25, 3*x + i*x + 3*l = 20. Suppose -k = 5 + x. Give z(k).
-1
Let l(c) = c + 2*c**3 + 1 + 0*c - c**2 - 8*c**3. Let v(m) = m**2 + 20*m + 63. Let k be v(-16). Determine l(k).
5
Let h(w) be the second derivative of w**4/12 - 3*w**3/2 + 7*w**2/2 - 7*w. Determine h(7).
-7
Let u = -5 + 7. Let k(z) be the second derivative of z**5/20 - z**4/12 - z**3/2 + z**2 + 2*z. Give k(u).
0
Let v(f) = -4*f. Let d(s) = -6*s - 1. Let k(j) = -j - 1. Let y(c) = -2*d(c) + 2*k(c). Let h(u) = -12*v(u) - 5*y(u). Suppose -1 = -5*g + 14. Calculate h(g).
-6
Let u = -9 + 19/2. Let c(m) be the first derivative of -3*m - u*m**2 + 2. Determine c(-4).
1
Let d(a) = -2*a**2 - a + 1. Suppose 4*v + 4*l + 6 = v, 2*l = 2*v + 4. Calculate d(v).
-5
Let l = 16 - 11. Suppose -2*i = -5 - 3. Let a(v) = -v - v + i*v + l - v. Determine a(-5).
0
Let j(h) = h**3 + 4*h**2 - 4*h + 7. Let o be j(-5). Let y(k) = -3*k + 1. Determine y(o).
-5
Let r be 6/9 + 10/(-6). Let x be (1 - r)*-1 + 2. Suppose x = f - 0 + 2. Let h(j) = -4*j - 2. What is h(f)?
6
Let f be (-14)/(-3) - 2/(-6). Let l be 2/f - 1098/(-30). Suppose -5*t - 12 = -l. Let i(g) = g**2 - 3*g - 6. Give i(t).
4
Let l(o) = -o**3 - o**2 - 6. Suppose 5*f = 4*f. Suppose -u = p - 5, 2*u - 3 - 7 = f. Give l(p).
-6
Let b(g) = g**2 + 4*g + 4. Let p be b(-4). Suppose -p*u + 6 = -6. Let k(w) be the first derivative of -w**2/2 + 7*w - 3. Give k(u).
4
Let q be 3/(-12) - (-3)/12. Let m(j) = -j**2 - j - 22. Determine m(q).
-22
Suppose j + 2 = 2*j. Suppose 0 = 4*u - u - j*z - 15, 3*z + 21 = 4*u. Suppose u*n = -2*n - 20. Let r(q) = q**2 + 5*q + 5. Determine r(n).
1
Let f = -7 + 11. Suppose -f*m = -7*m + 12. Let o be (-1 - -2 - m) + -1. Let z(x) = -x**2 - 3*x + 1. Determine z(o).
-3
Suppose -j + l = -6*j + 13, -4*j = 5*l - 2. Suppose -b - 4 + j = 0. Let v(i) = -3*i. Determine v(b).
3
Let y(b) = -11 + 6 + 6 + 2*b**2 - 19*b**3 - 2*b. Determine y(1).
-18
Let i(k) = k**2 + 4*k + 3. Let z be i(-3). Let f(d) = 3*d**2 + 5*d + 3. Let x(l) = 4*l**2 + 6*l + 2. Let u(o) = -5*f(o) + 4*x(o). Determine u(z).
-7
Let c(u) be the third derivative of -u**6/120 - u**5/10 - u**4/4 - u**3/6 - 4*u**2. Let x = -10 - -7. Let y be (-10)/6*(x - -6). Give c(y).
4
Let o(g) = 5*g**3 + 7*g**2 + 2*g - 6. Let k(w) = -12*w**3 - 14*w**2 - 3*w + 12. Let v(q) = -2*k(q) - 5*o(q). Calculate v(-6).
-6
Let p(z) = 9*z**3. Let k(x) = x**2 + 7*x + 9. Let j be k(-6). Let v be 2 + 0 + j + -6. Calculate p(v).
-9
Let i(v) be the second derivative of -1/2*v**3 + 0 + 2*v - 3/2*v**2 + 1/12*v**4. Determine i(5).
7
Let k(l) = l**3 - 3*l**2 - 2*l - 3. Let b be k(4). Let s(a) be the second derivative of 0 - 3*a**2 + 1/2*a**3 - 5*a. Give s(b).
9
Let k(z) = z + 16. Suppose 4*f = 4*n - 8, -2*f - 2*f - 5*n - 53 = 0. Calculate k(f).
9
Let n(o) be the second derivative of o**3/6 + o**2/2 + o. Let i(r) = -7*r - 4 - 2 + 5 - 4. Let j(p) = -i(p) - 6*n(p). Determine j(-4).
-5
Suppose -o = -4*d + 19, -3*d + 0*d + 15 = -o. Let c be 3 - 10/(-6)*o. Let m(u) = -u**3 + 2*u. What is m(c)?
4
Let b(v) be the second derivative of -2*v**5/5 + v**2/2 - v. Let k(o) = -o**2 + 2*o**2 + 1 + 2*o + 2*o + 0. Let j be k(-4). Give b(j).
-7
Let w(k) = -k - 3*k - 2*k + 4*k. Give w(-2).
4
Suppose 5*v + 2*n - 50 = -13, -28 = -4*v - 2*n. Suppose -s - 3*x = -v, 0 = -3*s + 2*x - 19 + 2. Let u(h) = h**2 - 4. Give u(s).
5
Let n(r) = r**2 + 4*r - 5. Let y(t) = t**2 + 11*t - 19. Let p be y(-13). Let d = p + -11. What is n(d)?
-5
Let h(v) = -7*v - 2*v + 4 - v**2 - v + 3*v. Let i be h(-8). Let m(p) = p**2 + 6*p + 6. What is m(i)?
-2
Let y(t) = t**2 - t**3 - t**2 - t**2 + 4*t + 1. Let i be 1 + 8/(3/(-3)). Let m = i - -4. What is y(m)?
7
Let q(x) be the first derivative of -7*x**3/3 - x**2/2 - x - 16. Give q(-1).
-7
Let x(q) = 5*q + 7. Let m(a) = -2*a**2 - 21*a - 15. Let f be m(-10). Calculate x(f).
-18
Let f be (-2)/9 + 104/(-18). Let z be 20/5*f/8. Let h(a) = 3*a**2 - 10 + 2*a + a**3 + 22 - 9. Give h(z).
-3
Suppose 0*u - 1 = -u. Let s(i) be the second derivative of i**4/12 + i**2/2 + 2*i. Determine s(u).
2
Let p(n) = n + 1. Let i(a) = 4*a + 6. Let y(m) = -i(m) + 3*p(m). Let l(f) = 2*f + 8. Let d be l(-6). What is y(d)?
1
Let a(o) = 6*o + 1. Suppose 4*d + 3 = 5*n, n + 4 = -2*d - 1. Give a(n).
-5
Let y(g) = g**2 - 1. Let j(i) = -i**3 - 3*i**2 - 2. Let a be j(-3). Let l = -3 - a. Determ